{"id":7,"date":"2015-12-17T20:56:44","date_gmt":"2015-12-17T19:56:44","guid":{"rendered":"http:\/\/www.stakom.com.pl\/?page_id=5"},"modified":"2015-12-17T20:56:44","modified_gmt":"2015-12-17T19:56:44","slug":"kontakt","status":"publish","type":"page","link":"https:\/\/stc.bubbleam.pl\/index.php\/kontakt\/","title":{"rendered":"Kontakt"},"content":{"rendered":"<h3><strong>STAKOM<\/strong><\/h3>\n<p><strong>Stanis\u0142aw Komadowski<\/strong><\/p>\n<p>Rzeczyca Ziemia\u0144ska 55<\/p>\n<p>23-230 Trzydnik Du\u017cy<\/p>\n<p>NIP: 715-164-85-76, REGON: 060320100,<\/p>\n<p>Tel.: +48 693 620 950, +48 667 271 535<\/p>\n<p>e-mail: <a title=\"mail stakom\" href=\"mailto:biuro@stakom.com.pl\" target=\"_blank\">biuro@stakom.com.pl<\/a><\/p>\n","protected":false},"excerpt":{"rendered":"<p>STAKOM Stanis\u0142aw Komadowski Rzeczyca Ziemia\u0144ska 55 23-230 Trzydnik Du\u017cy NIP: 715-164-85-76, REGON: 060320100, Tel.: +48 693 620 950, +48 667 271 535 e-mail: biuro@stakom.com.pl<\/p>\n","protected":false},"author":1,"featured_media":0,"parent":0,"menu_order":5,"comment_status":"closed","ping_status":"closed","template":"","meta":{"footnotes":""},"class_list":["post-7","page","type-page","status-publish","hentry"],"_links":{"self":[{"href":"https:\/\/stc.bubbleam.pl\/index.php\/wp-json\/wp\/v2\/pages\/7","targetHints":{"allow":["GET"]}}],"collection":[{"href":"https:\/\/stc.bubbleam.pl\/index.php\/wp-json\/wp\/v2\/pages"}],"about":[{"href":"https:\/\/stc.bubbleam.pl\/index.php\/wp-json\/wp\/v2\/types\/page"}],"author":[{"embeddable":true,"href":"https:\/\/stc.bubbleam.pl\/index.php\/wp-json\/wp\/v2\/users\/1"}],"replies":[{"embeddable":true,"href":"https:\/\/stc.bubbleam.pl\/index.php\/wp-json\/wp\/v2\/comments?post=7"}],"version-history":[{"count":0,"href":"https:\/\/stc.bubbleam.pl\/index.php\/wp-json\/wp\/v2\/pages\/7\/revisions"}],"wp:attachment":[{"href":"https:\/\/stc.bubbleam.pl\/index.php\/wp-json\/wp\/v2\/media?parent=7"}],"curies":[{"name":"wp","href":"https:\/\/api.w.org\/{rel}","templated":true}]}}