{"id":16,"date":"2015-12-22T19:51:29","date_gmt":"2015-12-22T18:51:29","guid":{"rendered":"http:\/\/www.stakom.com.pl\/?page_id=16"},"modified":"2025-03-14T17:26:38","modified_gmt":"2025-03-14T16:26:38","slug":"uslugi","status":"publish","type":"page","link":"https:\/\/stc.bubbleam.pl\/index.php\/uslugi\/","title":{"rendered":"Us\u0142ugi"},"content":{"rendered":"<div class=\"wp-block-image\">\n<figure class=\"alignright size-full\"><img loading=\"lazy\" decoding=\"async\" width=\"223\" height=\"300\" src=\"http:\/\/stc.bubbleam.pl\/wp-content\/uploads\/2025\/03\/piaskowanie-223x300-1.jpg\" alt=\"\" class=\"wp-image-81\"\/><\/figure>\n<\/div>\n\n\n<div><strong>Obr\u00f3bka strumieniowo-\u015bcierna tzw. piaskowanie:<\/strong><\/div>\n\n\n\n<div>&#8211; felgi stalowe i aluminiowe,<br>\n&#8211; maszyny rolnicze, przyczepy,<br>\n&#8211; motocykle, samochody,<br>\n&#8211; konstrukcje stalowe, zbiorniki,<br>\n&#8211; bramy, elementy ogrodze\u0144.<\/div>\n\n\n\n<div><\/div>\n\n\n\n<div><strong>Zabezpieczenia antykorozyjne &#8211; malowanie:<\/strong><br>\n&#8211; farbami epoksydowymi,<br>\n&#8211; farbami poliuretanowymi.<\/div>\n\n\n\n<div><\/div>\n\n\n\n<div><strong>Us\u0142ugi blacharsko &#8211; lakiernicze samochod\u00f3w.<\/strong><\/div>\n","protected":false},"excerpt":{"rendered":"<p>Obr\u00f3bka strumieniowo-\u015bcierna tzw. piaskowanie: &#8211; felgi stalowe i aluminiowe, &#8211; maszyny rolnicze, przyczepy, &#8211; motocykle, samochody, &#8211; konstrukcje stalowe, zbiorniki, &#8211; bramy, elementy ogrodze\u0144. Zabezpieczenia antykorozyjne &#8211; malowanie: &#8211; farbami epoksydowymi, &#8211; farbami poliuretanowymi. Us\u0142ugi blacharsko &#8211; lakiernicze samochod\u00f3w.<\/p>\n","protected":false},"author":1,"featured_media":0,"parent":0,"menu_order":4,"comment_status":"closed","ping_status":"closed","template":"","meta":{"footnotes":""},"class_list":["post-16","page","type-page","status-publish","hentry"],"_links":{"self":[{"href":"https:\/\/stc.bubbleam.pl\/index.php\/wp-json\/wp\/v2\/pages\/16","targetHints":{"allow":["GET"]}}],"collection":[{"href":"https:\/\/stc.bubbleam.pl\/index.php\/wp-json\/wp\/v2\/pages"}],"about":[{"href":"https:\/\/stc.bubbleam.pl\/index.php\/wp-json\/wp\/v2\/types\/page"}],"author":[{"embeddable":true,"href":"https:\/\/stc.bubbleam.pl\/index.php\/wp-json\/wp\/v2\/users\/1"}],"replies":[{"embeddable":true,"href":"https:\/\/stc.bubbleam.pl\/index.php\/wp-json\/wp\/v2\/comments?post=16"}],"version-history":[{"count":2,"href":"https:\/\/stc.bubbleam.pl\/index.php\/wp-json\/wp\/v2\/pages\/16\/revisions"}],"predecessor-version":[{"id":82,"href":"https:\/\/stc.bubbleam.pl\/index.php\/wp-json\/wp\/v2\/pages\/16\/revisions\/82"}],"wp:attachment":[{"href":"https:\/\/stc.bubbleam.pl\/index.php\/wp-json\/wp\/v2\/media?parent=16"}],"curies":[{"name":"wp","href":"https:\/\/api.w.org\/{rel}","templated":true}]}}